11*f. Suppose -v - c - f*c = -8, -5*c = -4*v - 2. Suppose 3*a + v*a = 2*t + 1, -2*t + 7 = 3*a. What is z(t)?
-4
Suppose -n = 4, 24*g - 23 = 21*g + 2*n. Let a(o) = 5*o - 17. Determine a(g).
8
Let y(n) = n. Let b = 75 - 75. Let u = 5 + -3. Suppose -u*l + b*l - 12 = 0. What is y(l)?
-6
Suppose 2*m + 3 = 1. Let o(h) be the second derivative of -h**5/5 - h**4/12 + 26*h + 47. Give o(m).
3
Let m(j) = 8*j - 2*j + 11 - j - 4*j. Calculate m(-8).
3
Let y(g) = 2*g**2 - 4*g - 4. Let n be y(3). Let t(c) = 3 + 3*c + 6*c**2 + 7*c**2 - 13*c**2 - c**3 - 3*c**n. Calculate t(-3).
-6
Let t be (-19)/(-3) + 10/(-30). Suppose t*p - 8 = 4*d + 2*p, -3*p + 10 = -d. Let u(q) = -q**2 + q + 2. Determine u(d).
0
Let j(x) = -3*x + 6. Let u(r) = -r - 4. Suppose 0 = 6*i + 28 + 20. Let q be u(i). Give j(q).
-6
Let n(b) = -b**3 - 7*b**2 - 4*b + 8. Let l(g) = 2*g**3 + 7*g**2 + g - 7. Let j(h) = 2*l(h) + 3*n(h). Give j(8).
-6
Let l be (0 - -1)/(-11) - 1602/(-198). Let d(m) = m**2 - 12*m + 4. Give d(l).
-28
Let j(m) be the second derivative of m**5/20 - m**4/4 + m**3/2 - 2*m**2 - 8*m. Suppose -12 = 4*d - 8*d. Determine j(d).
5
Suppose 2*u = 3*a + 17, 4*a + 12 = u + 6*a. Let m(g) = -g**3 + 11*g**2 - 10*g + 1. Calculate m(u).
1
Let p(f) be the second derivative of -f**3/3 - 11*f**2/2 + 3*f - 9. Give p(-5).
-1
Let c(j) be the second derivative of j**4/12 - j**3/3 - j**2/2 + 29*j - 17. Determine c(0).
-1
Let x(u) = -5*u**3 + 7*u**2 - 49*u + 13. Let b(f) = 6*f**3 - 7*f**2 + 59*f - 15. Let n(z) = -4*b(z) - 5*x(z). Calculate n(6).
13
Let l(x) = x**2 - 2885*x**3 + 1444*x**3 + 1442*x**3 - 2 - 1. Give l(-3).
-21
Let k(v) = 12*v - 6. Let t(o) = -23*o + 11. Let d(p) = 7*k(p) + 4*t(p). Let r(h) = h**3 + 8*h**2 + h + 6. Let b be r(-8). Calculate d(b).
18
Let x(k) = -k**2 - 11*k - 12. Let s(v) = -v**3 + 3*v**2 - 3*v + 1. Let w be s(3). What is x(w)?
12
Let r be (28/8 + -2)*8. Let q = -12 + r. Suppose -8*b + n = -3*b, q = -b - 3*n + 16. Let g(p) = -11*p - 1. Calculate g(b).
-12
Let b(a) = a + 1. Let z(r) = 3*r**2 - 6*r + 5. Let l(m) = 3*b(m) - z(m). Give l(6).
-56
Suppose -157 - 163 = 32*y. Let z(n) = -n**3 - 9*n**2 + 7*n - 27. What is z(y)?
3
Suppose -3*w + 6*w = 0. Suppose w = -2*f - 2*f + 16. Let h(x) = -4*x - 1. Calculate h(f).
-17
Let o(c) be the third derivative of 1/60*c**5 + 3/8*c**4 + 0*c + 0 + 1/6*c**3 - 17*c**2. What is o(-6)?
-17
Let r(k) = -14*k - 1. Suppose -7 = -s + 2*b, 0*s - 4*b = -5*s + 11. Let v be r(s). Suppose 2*d + v - 5 = 0. Let i(x) = x**3 + 3*x**2 - 2*x + 3. Give i(d).
-5
Let i(w) = w**3 - 7*w**2 - 9*w + 11. Let o = 28 - 25. Suppose 5*l = 5*q - q - 37, -o*q - 3*l = -21. Calculate i(q).
3
Let n be 80/64*(-32)/(-20). Let u(f) = 12*f - 3. What is u(n)?
21
Let d(n) = -3*n**3 + 21*n**2 - 23*n - 8. Let w(y) = -5*y**3 + 39*y**2 - 44*y - 17. Let f(r) = -7*d(r) + 4*w(r). Calculate f(-10).
38
Let m(k) = k**3 + 18*k**2 + 18*k + 22. Let l be m(-17). Suppose u = 6*u - 15. Suppose 0 = -l*f - 8 + u. Let b(q) = 4*q. Determine b(f).
-4
Let f(l) be the third derivative of l**5/60 - l**4/12 - 2*l**3/3 + l**2. Suppose -j = -18*q + 21*q - 18, -2*j - 4 = -2*q. Give f(j).
-1
Suppose 3*s + 14 = -25. Let o(j) = j**3 + 11*j**2 - 26*j + 6. Determine o(s).
6
Let j(z) be the second derivative of z**4/12 - z**3 + 5*z + 27. Calculate j(6).
0
Let w(y) = 2*y**2 + y - 4. Let r(u) = -9*u**2 - u - 2. Let g be r(-2). Let n = 39 + g. Give w(n).
17
Suppose 11 = -x + 3*z, 4*x + z - 36 = -3*z. Let m(t) = 8*t + 20*t**3 - 49*t**3 + 28*t**3 + 7*t**2 + x. Determine m(8).
4
Suppose -3*j + 0*j + 3 = 0. Suppose z - 5*q = 0, -28 = -5*z - 0*q - 3*q. Let w(s) = -z + 11 - 7 + 12*s**2. What is w(j)?
11
Let t(b) be the second derivative of -b**4/12 - 5*b**3/6 - b**2/2 - 13*b. Give t(-4).
3
Let x(v) = 4*v**2 + 4*v + 14. Let l(i) = -98*i**2 + 97*i**2 + 7 - 8. Let n(m) = 5*l(m) + x(m). Determine n(7).
-12
Let g(l) be the first derivative of l**2 + 4*l + 70. What is g(-2)?
0
Let j(v) be the second derivative of v**5/4 + v**4/12 - v**2/2 + 5*v + 10. Give j(2).
43
Let d(z) = -z**3 - 5*z**2 + 4*z - 4. Let c be 8 + -2 + 24/(-2). Calculate d(c).
8
Let n(a) = a**2 + 6*a + 5. Let c be (-1)/((3/9)/1). Let s be (-3)/(0 - -3) + c. Determine n(s).
-3
Let m(j) = -19*j + 20*j - 6 + 3 - j**2 + 0. Let z = 14 + -12. Determine m(z).
-5
Suppose -c + p - 3 = -4, -2*p - 14 = c. Let j be (4/8)/((-2)/c). Let u(w) = -7*w**3 - 1. Determine u(j).
-8
Let n(y) = -y**2 + 8*y + 8. Let m(p) = -p**3 - 17*p**2 - 17*p - 9. Let q be m(-16). Give n(q).
15
Let l = 17 + -14. Let j(r) be the second derivative of -1/2*r**2 + 2/3*r**3 + 6*r + 0. Calculate j(l).
11
Let k = -980 + 980. Let o(g) be the third derivative of g**4/24 + 5*g**3/3 - 2*g**2. Give o(k).
10
Let z(o) be the second derivative of -o**3/3 - 5*o**2/2 + 6*o. Let k be z(-4). Let y(x) = -8*x**2 + x**k + 0*x - x + 7*x**2 + 2 - 1. What is y(0)?
1
Let v(o) be the first derivative of -7*o**5/60 + o**4/24 + o**3/3 + 7*o**2/2 - 11. Let s(f) be the second derivative of v(f). Determine s(2).
-24
Let v(j) = -j**2 + 3 + 3*j - 2 - 1 + 1. Let k(b) = -b**3 + 3*b**2 + b - 1. Let t be k(3). Suppose t*q - 12 = -q. What is v(q)?
-3
Let o(f) = 2*f**2 + f - 7. Let p(m) = 3*m**2 - 3*m - 17. Let b(q) = -6*q**2 + 5*q + 33. Let t(v) = -4*b(v) - 7*p(v). Let n(l) = 5*o(l) - 3*t(l). What is n(-3)?
7
Let g(m) = m - 10. Suppose 2*z - 4*j = z, 4*z - 5*j + 11 = 0. Let v be 6/z*(-18)/27. Let p be 14/(-14)*v*-7. Give g(p).
-3
Let d(f) = f**3 - 9*f**2 - 17*f + 23. Let q(u) = u**3 - 9*u**2 - 16*u + 21. Let g(i) = 4*d(i) - 5*q(i). Determine g(10).
7
Let w(l) be the third derivative of l**4/4 + 11*l**3/6 + 14*l**2 - 13. Calculate w(-5).
-19
Let y(b) = 3*b + 1. Suppose 4*f - f = 9. Suppose f*l - 15 = 6*l. Let g(n) = n + 2. Let v be g(l). What is y(v)?
-8
Let m = -594 - -589. Let d(b) = -b**3 - 4*b**2 + 4*b - 2. What is d(m)?
3
Let f(k) = -k**2 - 5*k - 3. Let g(u) = -5*u + 4. Let i(c) = c. Let w(a) = -g(a) - 6*i(a). Let v be w(-2). What is f(v)?
3
Let a(i) be the third derivative of -i**6/20 + i**4/12 - i**3/6 + 64*i**2. Let g be (1 + -4)/3 + 2. Determine a(g).
-5
Let g(t) = t**3 - 11*t**2 + 14*t - 43. Let s be g(10). Let d(m) = -2*m**2 - m + 7. Give d(s).
-8
Let l be 26 - (6 - (-3 + 8)). Let r(u) = l - 6*u - 4*u + 9*u. Calculate r(11).
14
Let r(b) = b**2 - 9*b + 12. Let z(o) = 2*o**2 + 26*o + 32. Let k be z(-12). Determine r(k).
4
Let m(t) be the first derivative of 1/4*t**4 + 3/2*t**2 + 10 + 3*t - 4/3*t**3. Determine m(3).
3
Let a(q) = -q - 9. Let d be a(-4). Let x = 15 - 15. Let s(o) = o + x*o - 71 + 81. Calculate s(d).
5
Let t(h) = -h + 6. Suppose f + 20 = 6*f - 3*m, 0 = 3*f - 5*m + 4. Give t(f).
-1
Let v(m) = m**3 + 22*m**2 - m - 10. Let t be -16 + 0 + 1 + 567/(-81). What is v(t)?
12
Suppose 13 = 91*t - 78*t. Let k(d) = -36*d + 1. What is k(t)?
-35
Let b(r) be the second derivative of -r**3/3 + 13*r**2/2 - 591*r. Determine b(5).
3
Let z(i) be the first derivative of -7/2*i**2 - 7*i + 1/3*i**3 + 12. Give z(7).
-7
Let k(z) = -15*z - 10*z**2 - 19*z**2 - 13 - 24*z**2 + 38*z**2 + z**3. Give k(16).
3
Suppose 2*l - 4*n = -3*l - 20, 0 = n. Let b(f) = -3*f**2 + 4*f. Let y(o) = 5*o**2 - 2*o**2 - 5*o**2 + 4*o. Let a(h) = l*b(h) + 5*y(h). Calculate a(-3).
6
Let q(n) = n**3 - 4*n**2 + n - 3. Suppose 3 = 3*o - 6. Suppose 4*v + g = 7*v + 11, -o*v = -4*g + 26. Let r be 6*(1/v - -1). Calculate q(r).
-9
Suppose 4*k - 9 = 19. Let m(i) = 0 - 4*i + 5 - 2 - i**2 + k*i. Let z be (1/2)/((-27)/(-162)). Calculate m(z).
3
Let o(g) be the third derivative of -g**4/24 + 8*g**3/3 - 44*g**2 - 7. Let z = 11 + -4. Calculate o(z).
9
Suppose 40 = -3*u + 3*q - 2, -q - 70 = 5*u. Let h(l) = -l**3 - 13*l**2 + 13*l + 2. Give h(u).
16
Let x(h) = -2*h. Let s(c) = -5*c + 6*c + 2*c - c. Let m(i) = -i**3 + 4*i**2 - 2*i - 1. Let u be m(3). Let f(o) = u*s(o) + 3*x(o). Calculate f(4).
-8
Let l(s) = s**3 - 6*s**2 + 5*s + 7. Let d = -1 + 2. Let o = 3 + d. Suppose o*f = 9 + 11. What is l(f)?
7
Let w be (-8)/(0 - 2 - -3*1). Let c be ((-2)/1 + 1)/(4/w). Let z(i) = 13*i. Determine z(c).
26
Let v(t) be the second derivative of t**3/6 + 14*t**2 - t + 24. What is v(0)?
28
Let h be (-1)/(3*(-4)/3 - -3). Let l(m) = 8*m**2 + m - 2. Calculate l(h).
7
Let h(u) = -u**3 - 11*u**2 + 14*u + 1. Let f be h(-12). Let z(w) = w**3 + 24*w**2 + 23*w - 3. What is z(f)?
-3
Suppose 14*r = 19*r - 265. Let t =